
Calculate the highest common factor of 403 and 31.
31
What is the greatest common factor of 28 and 266?
14
What is the greatest common factor of 3537 and 27?
27
Calculate the highest common divisor of 1513 and 136.
17
What is the greatest common factor of 18 and 5124?
6
What is the highest common divisor of 148 and 5846?
74
What is the greatest common factor of 7 and 763?
7
Calculate the highest common divisor of 1314 and 1606.
146
What is the greatest common factor of 714 and 5066?
34
What is the greatest common factor of 384 and 804?
12
Calculate the highest common divisor of 14 and 58.
2
Calculate the highest common factor of 118 and 52.
2
What is the highest common divisor of 498 and 6?
6
Calculate the highest common factor of 105 and 135.
15
What is the greatest common factor of 4015 and 330?
55
Calculate the highest common factor of 17 and 3.
1
What is the greatest common divisor of 198 and 36?
18
What is the greatest common factor of 120 and 11820?
60
What is the greatest common factor of 1581 and 837?
93
Calculate the greatest common divisor of 289 and 17.
17
Calculate the greatest common factor of 41 and 1312.
41
Calculate the greatest common divisor of 1740 and 3335.
145
What is the highest common divisor of 117 and 533?
13
Calculate the greatest common factor of 1496 and 198.
22
Calculate the greatest common factor of 1074 and 6.
6
What is the highest common factor of 115 and 15?
5
What is the highest common divisor of 2 and 6?
2
Calculate the greatest common divisor of 630 and 3042.
18
Calculate the highest common factor of 26 and 1573.
13
Calculate the highest common factor of 13 and 1573.
13
Calculate the greatest common factor of 2829 and 138.
69
Calculate the highest common factor of 16 and 576.
16
Calculate the greatest common factor of 26 and 104.
26
What is the highest common divisor of 1095 and 45?
15
Calculate the highest common divisor of 120 and 2040.
120
Calculate the greatest common divisor of 392 and 224.
56
What is the greatest common factor of 150 and 225?
75
What is the greatest common divisor of 12 and 108?
12
What is the highest common factor of 1113 and 7?
7
Calculate the greatest common factor of 882 and 98.
98
Calculate the highest common divisor of 1390 and 20.
10
Calculate the highest common divisor of 121 and 5.
1
Calculate the greatest common divisor of 228 and 152.
76
What is the highest common divisor of 585 and 5785?
65
Calculate the highest common divisor of 667 and 29.
29
What is the greatest common divisor of 20328 and 14?
14
What is the greatest common factor of 315 and 5?
5
Calculate the greatest common factor of 63 and 1239.
21
Calculate the highest common divisor of 24 and 6.
6
Calculate the greatest common factor of 7904 and 228.
76
What is the highest common divisor of 38 and 25574?
38
What is the greatest common factor of 23 and 35?
1
Calculate the highest common divisor of 4275 and 50.
25
What is the highest common divisor of 108 and 900?
36
What is the greatest common factor of 2543 and 1?
1
Calculate the highest common factor of 10 and 995.
5
What is the greatest common divisor of 11 and 33?
11
Calculate the greatest common factor of 156 and 1196.
52
Calculate the greatest common factor of 63 and 20391.
21
What is the highest common factor of 28 and 308?
28
Calculate the highest common factor of 205 and 8405.
205
What is the highest common factor of 17887 and 31?
31
Calculate the greatest common divisor of 37680 and 16.
16
Calculate the highest common factor of 10 and 830.
10
Calculate the greatest common factor of 319 and 29.
29
Calculate the highest common factor of 561 and 102.
51
Calculate the highest common divisor of 682 and 22.
22
Calculate the greatest common divisor of 625 and 1500.
125
Calculate the highest common divisor of 14646 and 12.
6
What is the greatest common divisor of 55 and 15?
5
What is the greatest common divisor of 186 and 39246?
186
What is the greatest common factor of 2277 and 198?
99
What is the greatest common divisor of 23 and 5773?
23
Calculate the highest common divisor of 104 and 24.
8
What is the highest common factor of 475 and 38?
19
Calculate the highest common factor of 26390 and 7.
7
What is the greatest common factor of 27 and 153?
9
Calculate the greatest common divisor of 372 and 108.
12
Calculate the greatest common factor of 2432 and 384.
128
Calculate the greatest common factor of 84 and 1596.
84
Calculate the highest common divisor of 9042 and 66.
66
What is the highest common divisor of 9525 and 50?
25
What is the highest common factor of 12 and 80?
4
Calculate the greatest common divisor of 160 and 8.
8
What is the highest common factor of 60 and 45?
15
Calculate the highest common divisor of 4557 and 186.
93
What is the greatest common divisor of 780 and 1140?
60
What is the highest common divisor of 4 and 108?
4
Calculate the highest common divisor of 17415 and 1620.
405
Calculate the highest common factor of 62 and 12989.
31
Calculate the highest common factor of 54 and 576.
18
What is the highest common divisor of 224 and 98?
14
Calculate the greatest common divisor of 1148 and 10988.
164
What is the greatest common factor of 36 and 92?
4
Calculate the highest common factor of 48 and 80.
16
What is the highest common divisor of 980 and 20?
20
What is the greatest common divisor of 9083 and 31?
31
Calculate the greatest common factor of 4782 and 6.
6
What is the highest common factor of 3843 and 441?
63
Calculate the greatest common divisor of 12 and 1004.
4
Calculate the greatest common divisor of 81 and 324.
81
What is the greatest common divisor of 1593 and 472?
59
Calculate the highest common divisor of 616 and 77.
77
Calculate the highest common divisor of 29 and 1711.
29
Calculate the greatest common divisor of 551 and 116.
29
Calculate the greatest common factor of 88 and 18656.
88
Calculate the highest common factor of 1281 and 441.
21
What is the highest common factor of 4 and 194?
2
What is the highest common factor of 2525 and 2424?
101
What is the greatest common factor of 54015 and 13?
13
Calculate the highest common divisor of 88 and 5588.
44
What is the highest common divisor of 20 and 4?
4
What is the highest common factor of 396 and 3652?
44
What is the highest common divisor of 352 and 3212?
44
Calculate the greatest common factor of 213 and 5325.
213
What is the greatest common divisor of 120 and 4656?
24
What is the highest common divisor of 54 and 8?
2
What is the greatest common factor of 128 and 48?
16
Calculate the highest common divisor of 124 and 434.
62
Calculate the highest common divisor of 69 and 15.
3
Calculate the highest common divisor of 483 and 138.
69
Calculate the greatest common factor of 638 and 377.
29
Calculate the highest common divisor of 119 and 189.
7
What is the highest common divisor of 12 and 1772?
4
What is the greatest common divisor of 56 and 700?
28
Calculate the greatest common factor of 4528 and 48.
16
Calculate the greatest common divisor of 162 and 186.
6
What is the highest common factor of 1882 and 2?
2
Calculate the greatest common factor of 5 and 305.
5
Calculate the greatest common divisor of 177 and 11387.
59
What is the greatest common divisor of 4394 and 52?
26
What is the highest common factor of 3040 and 30?
10
What is the greatest common factor of 245 and 14?
7
Calculate the highest common divisor of 20 and 620.
20
What is the greatest common factor of 1725 and 1125?
75
What is the highest common factor of 4 and 1304?
4
Calculate the highest common divisor of 144 and 816.
48
Calculate the greatest common divisor of 43859 and 61.
61
Calculate the highest common divisor of 163 and 32437.
163
What is the highest common divisor of 707 and 7?
7
What is the highest common factor of 29 and 1?
1
What is the highest common factor of 418 and 33?
11
What is the greatest common divisor of 78 and 78?
78
Calculate the greatest common factor of 230 and 15065.
115
What is the greatest common divisor of 6 and 384?
6
Calculate the greatest common divisor of 10 and 15940.
10
Calculate the highest common divisor of 432 and 54.
54
What is the highest common factor of 323 and 119?
17
What is the greatest common factor of 2 and 205?
1
Calculate the greatest common factor of 104 and 11752.
1